(f) be the first derivative of h(f). Determine v(5).
14
Let z(n) = 49*n - 197. Let o be z(4). Let x(l) = -4*l**2 + 16*l - 9. Let q(h) = -h**2 + 3*h. Let k(j) = o*x(j) + 2*q(j). Give k(7).
37
Let x(t) = t**3 - 3*t**2 - 3*t - 5. Suppose -j = -q - 7 + 4, q - 7 = -j. Let l be (3 + -5)*(q + -4 - 0). Determine x(l).
-1
Let i be 6/5*(5 + 0). Let y(z) = -85*z + 7. Let x(f) = -1488*f + 129. Let a(s) = -2*x(s) + 35*y(s). What is a(i)?
-7
Let z(g) = g**3 - 4*g**2 - 4*g - 2. Suppose 4*o = 5*w - 6, -4*w + 12 = -4*o + 2*o. Give z(w).
46
Let d(a) = a. Let n be 30/(-14) + (-4)/(-28) - -4. Let g(m) = -3*m - 11. Let w(p) = n*d(p) + g(p). What is w(-6)?
-5
Let g(a) = -42*a**2 - 50*a**2 + 91*a**2 - 2*a - a**3 + 159 + 366. Let t be g(0). Let k(l) = 525 - t + 6*l. Determine k(1).
6
Let m(i) be the first derivative of 119 + i + 14/3*i**3 + 0*i**2. What is m(1)?
15
Let s(j) be the first derivative of -j**4/4 + 31*j**3/3 + 16*j**2 - 14*j + 630. What is s(32)?
-14
Let a(n) = n**3 + 5*n**2 + 2*n + 2. Let z(v) = v**3 + 4*v**2 + 3*v + 2. Let b = 215 + -219. Let o(h) = b*a(h) + 3*z(h). Calculate o(-8).
-10
Suppose 7*r = 3*r + 56. Let g(f) be the second derivative of f**5/20 - 13*f**4/12 - 13*f**3/6 - 9*f**2 - 5487*f. What is g(r)?
-4
Let u(o) = -54*o + 34*o + 3 + 2 + 18*o - 1. Determine u(-3).
10
Let f(k) be the second derivative of -k**5/20 - k**4/12 - k. Let a be (4 - (-150)/(-39)) + 54/(-351). Give f(a).
0
Let m(a) be the second derivative of a**3/2 - 9*a**2 + 1456*a. Give m(0).
-18
Let j = -674 - -669. Let o(h) = 3*h**2 + 3*h + 1. Calculate o(j).
61
Let j(c) = c**3 - 3*c**2 - 3*c - 4. Let a be j(4). Suppose v + v = 2*s + 8, -3*s - 12 = 0. Let i(d) = 114093 - 114081 + d**3 + d**2 + v*d**3 - d. What is i(a)?
12
Suppose 3*q = -5*h + 294, -3*h = 4*q - 4*h - 369. Let g(t) = -q*t + 14 + 15 + 102*t - t**2. Calculate g(12).
-7
Let x be (8/(-10))/(((-420)/(-100))/21). Let t(k) = 3*k + 3. What is t(x)?
-9
Let n be (2 + 24/(-21))*-7. Let t(i) be the third derivative of i**4/24 + 2*i**3/3 + 5*i**2 - 6*i. Calculate t(n).
-2
Let x(n) = -46*n**3 - 29*n**2 + 4. Let b(y) = 37*y**3 + 29*y**2 - y - 4. Let o(v) = -4*b(v) - 3*x(v). Give o(-3).
1
Let t(m) = 14*m - 17. Let i be t(1). Let n be -62*i/(-21) + (-2)/14. Let b(w) = w**2 + 10*w + 3. Calculate b(n).
-6
Let p be (6/(-2))/((-6)/(-4)). Let j(o) be the second derivative of -o**4/4 - o**3/3 - o**2/2 - o - 33. What is j(p)?
-9
Suppose -2*y + 28 = 5*y. Let l be 8 - 3 - 8/y. Let a(h) = 3*h**3 - 12*h**3 + 5 - 4 + 4*h**l - h**2. Give a(1).
-5
Let z(g) = 2*g - 8. Let h be 3/(1 + (-16)/18). Let y(i) = -54*i + 22*i + 31*i + 34. Let o be y(h). Determine z(o).
6
Let u = -554 + 541. Let p be (1/(-1))/(2/(u + 3)). Let w(q) = q - 3. What is w(p)?
2
Suppose 0 = 2*u - 2*x + 10, -2*x = x - 15. Let h(g) be the second derivative of g**3/3 + 5*g. Let b(j) = j. Let v(d) = -b(d) + h(d). Determine v(u).
0
Let c = 82 - 136. Let q = c + 55. Let x(g) = 10*g**2 + 65*g + 65. Let k(i) = i**2 + 6*i + 6. Let o(w) = 65*k(w) - 6*x(w). What is o(q)?
5
Let o = 13 - 11. Let d(y) = 2 - 384*y**o + 16*y - 14 + 383*y**2. Calculate d(15).
3
Let p(s) = -2159 + s**2 + 740 + 0*s + 1049 - 31*s. Give p(40).
-10
Let y = -71 - -65. Suppose 5*n = r - 34, -7 = -3*r - 3*n + 23. Let c(a) = 6*a + 6*a + 8 + r*a - 25*a. What is c(y)?
2
Let i(l) = 33*l + 189. Let y be i(-5). Suppose -38*v + 44*v + y = 0. Let n(w) = -w**2 - w + 4. Calculate n(v).
-8
Let v(h) = -5*h - 3 + 93*h**3 + 180*h**3 + 10 - 272*h**3 - 3*h**2. Determine v(2).
-7
Let g be (7 - (3 - 0)) + 3. Let q(p) = 7*p - 18*p - 6 - 1 - 1. Let k(v) = -5*v - 4. Let b(j) = 13*k(j) - 6*q(j). What is b(g)?
3
Let w = -6 - -11. Suppose o + 16 = -10*h + w*h, -8 = -2*o. Let d(n) = -30*n + 31*n - 5 + 3. Give d(h).
-6
Let k(m) = m**2 - 5*m - 7. Let w(f) = -f. Let x(v) = k(v) + w(v). Suppose -4*a = -5*q + 26, -2*a + 8 = 2*q - 6. Calculate x(q).
-7
Suppose 5*u = -3*k + 14, -6*u + 7*u - 38 = -5*k. Let a(r) = 19 + k - 16 - 2*r. What is a(9)?
-7
Let g(d) = -d**2 + d + 7. Let h(j) = 3*j**3 + 9*j**2 + 7*j + 10. Let f be h(-2). Determine g(f).
-49
Suppose 65*f - 28 = 64*f. Suppose 7*a + f + 7 = 0. Let i(z) = -z**3 - 6*z**2 - 7*z - 4. What is i(a)?
6
Let j(m) = m**3 + 4*m**2 - 5*m + 7. Suppose -59 = -5*p + 2*a + 198, 3*a = 2*p - 105. Let r be (-261)/p - 6/(-51). Give j(r).
7
Let g(n) = n**2 + 18*n - 1686. Let v be g(33). Let u(b) = 2*b**3 - b**2 + 8. Give u(v).
-55
Let b(u) be the first derivative of u**3/3 + 15*u**2 + 60*u - 9183. What is b(-2)?
4
Let o = 2314 - 2308. Let a(y) = -11*y + 9. Determine a(o).
-57
Let s be (9 - (-3 + 8)) + (5 - 4). Let d(i) = -i**3 + 2*i**2 + 16*i - 7. Give d(s).
-2
Let v(h) = -h**2 - 10*h + 10. Let r = 350 + -33. Let o = r - 325. Give v(o).
26
Let h(c) = c**3 + 7*c**2 + 4*c + 9. Let b(p) = 34*p - 1162. Let q be b(34). What is h(q)?
21
Let c(w) be the third derivative of -w**6/120 + w**5/60 + 5*w**4/6 + w**3/2 + 2501*w**2. Calculate c(0).
3
Let x(t) = 89*t**2 - 6*t - 35. Let v(s) = 33*s**2 - 3*s - 12. Let o(y) = 8*v(y) - 3*x(y). What is o(3)?
-36
Let r(h) = 3*h - 5. Let g(k) = -1498 - 2*k + 1509 - 5*k. Let i(w) = -2*g(w) - 5*r(w). What is i(-10)?
13
Let u(i) = -2*i**2 + 2*i + 6. Let f be u(2). Let c(a) = 4*a + 4*a - f*a + 13 - 8*a. Calculate c(10).
-7
Let d(o) = -2*o**2 - 2*o - 1. Let l = -81 - -65. Let i(c) = -c**3 - 16*c**2 - 8*c - 35. Let t be i(l). Suppose -4*u = t - 89. What is d(u)?
-1
Let r(s) be the third derivative of s**5/60 - s**4/6 + s**3/2 + 19*s**2. Let y = 58 + -83. Let q = y - -27. Give r(q).
-1
Suppose -2*j + 2*c - 11 = -c, -5*j = 2*c + 18. Let v(u) = 3*u**2 + 5*u + 4. What is v(j)?
32
Let u(f) = f**3 - 4*f**2 + 2*f - 33. Suppose 657*m - 658*m = z - 8, z - 5*m = -10. Give u(z).
2
Let a(f) = 14 - 19*f + 10*f - 2 + 3*f + 3*f**2 - 4*f. Determine a(3).
9
Let f(l) be the third derivative of -l**4/24 + 2*l**3/3 + 44*l**2. Let y be (33/(-22))/(2/(-8)). Suppose -2*r - y*r + 24 = 0. Give f(r).
1
Let x(l) = 5*l**3 + 3*l**2 + 2*l - 25. Let d = 478 - 476. Let o(r) = 17*r**3 + 10*r**2 + 7*r - 76. Let a(t) = d*o(t) - 7*x(t). Calculate a(0).
23
Let g(v) = -v**3 - 33*v**2 - 59*v + 85. Let h(d) = 990*d - 7951. Let o be h(8). What is g(o)?
-8
Let f be (-31)/124*(-14 - -2). Suppose -f*x - 2*r + 16 = -0*r, 0 = 2*x + 4*r. Let d(q) = -q**2 + 7*q + 3. Calculate d(x).
-5
Let m(d) = 38*d + 5*d**2 + 85*d**3 - 82 - 84*d**3 - 57*d. Determine m(-6).
-4
Let k(g) = -g**3 - 18*g**2 - 81*g - 11. Let a be -17 - ((-30)/(-70))/((-1)/21). Give k(a).
-3
Suppose 2*v - 4*l - 14 = -2*l, 3*v + 4*l = -14. Let o(w) = -33*w**2 + 55*w**2 - 30*w**v + w. Calculate o(1).
-7
Suppose -140 = 8*c - 18*c. Let a(w) = -19*w**2 - 2*w - 5*w - c*w**2 + 34*w**2 + 2. What is a(7)?
2
Let k(v) be the third derivative of v**6/180 + v**5/10 - v**4/4 + 29*v**3/6 - 141*v**2 - 2*v. Let h(j) be the first derivative of k(j). Give h(-6).
-6
Suppose -k = 3*d - d + 543, -3*d + 1107 = -2*k. Let b = k + 555. Let g(c) = -c + 4. Give g(b).
-2
Let z(j) = 19*j - 150. Let t be z(8). Let a(p) be the second derivative of -p**3/2 - 2*p**2 + 6*p + 1. Give a(t).
-10
Suppose 0 = -5*a - 5*g - 10, -8*a - 3*g - 18 = -a. Let r(w) = -w**2 + 47*w + 145. What is r(a)?
-5
Let t = 365 + -212. Let o be 18/t + (-198)/(-51). Let w(i) = -3*i + 1. Determine w(o).
-11
Let y(q) = -117*q + 354. Let c be y(3). Let m(j) = -4*j - 10. Calculate m(c).
-22
Let r(f) = 6 - 4 + 8*f**2 - 3 + f. Let z be ((-651)/91 - -7) + 30/26. Calculate r(z).
8
Let u(d) = -2*d**2 + 451*d**3 - 10 - 217*d**3 - 233*d**3 - 3*d. Calculate u(4).
10
Let r(i) = 3*i**2 - 17*i - 25. Let m be r(7). Let v(z) = -8*z**2 + z**m - 105 + z + 47 + 55 - 3*z. What is v(8)?
-19
Suppose -6*j + 10 = -11*j - 5*u, 8 = -j - 2*u. Suppose 2*l + 2 = 3*l. Let v(o) = -o**2 + 6*o - 7. Let g(f) = -f - 1. Let n(z) = l*g(z) - v(z). Determine n(j).
-11
Let w(f) be the first derivative of f**4/24 + 5*f**3/6 - 3*f**2/2 - 5*f + 231. Let n(j) be the second derivative of w(j). Determine n(10).
15
Let s = 26854/3 - 8951. Let t(b) be the first derivative of -1/2*b**2 + 7*b - s*b**3 - 21. Calculate t(0).
7
Let y(z) be the third derivative of z**6/40 - 7*z**5/20 - 3*z**4/8 + 38*z**3/3 + z**2 - 18*z + 40. Determine y(7).
13
Let o(t) = t**2 + 8*t + 7. Suppose 0 = -14*z + 10*z + 4. Let h be (-40)/(-15)*(-9)/z. Let i be 2/6 - 4/(h/(-50)). What is o(i)?
7
Let m(b) be the first d